te number?
False
Let h = 10085 - 5884. Is h prime?
True
Suppose -436 - 2384 = 5*o. Let w = 895 + o. Is w a composite number?
False
Suppose -t = -m + 14, 4*m - 7 - 44 = 3*t. Let r = -393 - -397. Suppose r*i = 4*v - 68, m*i - 4*i - 20 = 0. Is v composite?
True
Let y(l) = -l**3 - 10*l**2 - 9*l + 8. Let z be y(-8). Let a = -29 - z. Suppose -4*k = a - 327. Is k prime?
False
Suppose 5*y + 4*k = 41, y = -2*k + 1 + 6. Suppose 0 = -i - 2 + y. Is (i + -4)*79/3 composite?
False
Let d = 27 + -33. Is d/(-6) - 1496/(-2) a composite number?
True
Let c = -6212 + 3830. Let t = c - -3523. Is t a prime number?
False
Let a be (-2)/((36/16)/(-9)). Is (-5484)/a*(-2)/3 a prime number?
True
Suppose -j - 5*k = -3 - 7, 4*j = -5*k + 85. Suppose 28*h = j*h. Suppose 3*a - 860 + 203 = h. Is a composite?
True
Let m be 3*24*(14 + -2 - 0). Let d = m + 287. Is d a composite number?
False
Suppose -n + 5*z = -28048, z + 56085 = 2*n + 2*z. Is n a prime number?
False
Let d(j) = -59*j**2 - 7*j + 5*j + 64*j**2 - 8*j + 10. Is d(-9) a prime number?
False
Let r(y) = -y**2 + 8*y - 8. Let j be r(6). Suppose -j*d + 52 = -4*z, -11 = -5*z + 4. Suppose -2*q + 104 = 5*w, -q - d = -w - 3*q. Is w composite?
True
Suppose -5*t + 12 = -3, -4*b - 4*t + 6952 = 0. Is b a prime number?
False
Suppose -5*d = 3*k - 9, 5*k = -5*d + 1 + 4. Suppose 0*s - 3489 = -d*s. Is s composite?
False
Let c = -584 + 1037. Is c a composite number?
True
Let j = 100 + -57. Suppose 4*t - j - 897 = 0. Is t prime?
False
Let q = -2723 + 4042. Is q a prime number?
True
Suppose -5*t + 3155 = -0*t. Is t composite?
False
Let u = 94 - 107. Let w(n) = 7*n**2 - 8*n - 14. Is w(u) a prime number?
False
Let v = 2 + 2. Suppose 4*c = 4*j - 1352, 974 = -j + v*j + 5*c. Suppose 0 = -4*s - j + 1689. Is s composite?
True
Let n = -636 + 2099. Let m = -454 + n. Is m composite?
False
Suppose 2*t + 2*d = 3278, -40*d + 3298 = 2*t - 43*d. Is t a composite number?
True
Let m be 0 - (-484)/4 - -2. Suppose m + 296 = g. Is g composite?
False
Suppose 57 = -3*q - 2*q + 3*j, -3*j = -q - 21. Let y = q + 62. Let w = 238 - y. Is w composite?
True
Let n = 36 - 18. Suppose 5*y + y = n. Suppose 0 = y*t - 9, 4*b + t = 353 - 82. Is b prime?
True
Suppose -3247 + 229 = -3*t. Is t prime?
False
Suppose 0 = 3*b - t - 6, -2*b + 6*t - 6 = 2*t. Let p be b + -7 - (-1 + -6). Suppose 3*v - 384 = c, v - c = p*c + 139. Is v composite?
False
Is 633*(-1 + 48/36) prime?
True
Let l be (-56)/(-14) - 1*-1. Let q be l + 0 + -2 - 0. Suppose 334 - 103 = q*w. Is w prime?
False
Suppose 5*l = 5*w - 4725, 3*w + 1 = -8. Let k = l - -530. Let f = k + 755. Is f composite?
False
Suppose 5*h - 5*g - 47045 = 0, 5*g - 42044 = -3*h - 13801. Is h composite?
True
Let f(c) = -4294*c + 573. Is f(-7) a composite number?
False
Let y(q) = -11*q + 16 + 3 + 8*q. Is y(-12) a composite number?
True
Suppose 3 = -d - 8. Is (20*d)/(-1) + 2 + -3 prime?
False
Suppose q - 3*q + 130 = 3*s, -q = 2*s - 63. Is q*(-37)/(-3) - 20/(-15) prime?
True
Let b be -3 - 1 - (-12 - -8). Suppose b = 4*o + 109 - 633. Is o prime?
True
Let s(l) = 41*l**2 - 15*l + 15. Suppose 3*z + 3*i + 18 = 0, z - 4*i + 1 + 10 = 0. Is s(z) prime?
True
Let j(n) = -3*n**2 - 1. Let b be j(1). Let m be ((-112)/(-24))/(b/(-78)). Suppose 2 = -u + m. Is u a prime number?
True
Suppose 4*b - 30235 = 3*d, 2*b - 3*d + 6*d = 15095. Is b composite?
True
Is -18*5/10 + 13030 prime?
False
Let g(d) = -940*d**2 - 6*d - 5. Let o be g(-1). Let y = o + 1418. Is y a prime number?
True
Let g(x) = 709*x**2 - 22*x - 73. Is g(-4) a composite number?
True
Let g = -1 + 1. Suppose h + 2*l + 4 = 14, g = -2*h + 3*l + 6. Suppose 0 = 3*m - h*m + 105. Is m a prime number?
False
Let t = 0 + 2. Suppose -t*j = -v - 8, 2*j - 5 = v - j. Let m = v + 20. Is m composite?
True
Suppose 0 = -h + 4*n + 5313, -4*h - 3*n + 18839 = -2432. Is h prime?
False
Suppose 203*q - 190*q = 362323. Is q a composite number?
True
Let f(q) = -154*q - 705. Is f(-63) a composite number?
True
Let u(t) = 150*t**2 - 66*t + 65. Is u(26) a prime number?
False
Let g = 46 - 99. Let o = 129 + 1. Let p = g + o. Is p a prime number?
False
Suppose 5*k - 9 = -q, 4 - 5 = q. Suppose 0 = 2*j - c - 76 - 3, k*j = -4*c + 54. Is j a prime number?
True
Let m be (-3 + 3)/((-6)/(-3)). Suppose c - 14 = -3*n, m*c - 2*c = -n - 7. Let p(z) = 12*z**3 - 4*z**2 + 3*z - 4. Is p(n) prime?
True
Let j = -9119 - -24418. Is j a composite number?
False
Let a(v) = 2*v**3 + 3*v**2 - 15*v - 25. Is a(12) a prime number?
False
Let b(o) = 20*o**3 - o**2 - 3 + 30*o**3 - 3*o - 66*o**3. Is b(-2) a composite number?
False
Let x = -6341 + 9000. Is x a composite number?
False
Suppose 0 = s - 2*s - 36. Let t = 73 + s. Is t composite?
False
Let m(v) = v**2 - 2*v - 9. Let y be m(6). Is (-1230 + 1)*y/(-15) a prime number?
True
Let v = -1261 - -1936. Suppose -v = -w + 886. Is w a composite number?
True
Let o(s) = -3*s**2 - 5*s - 3. Let t be o(-3). Let x = t + 16. Is -182*x/(-4)*2 prime?
False
Let u = -20232 - -28561. Is u prime?
True
Let d(v) = v**3 + 6*v**2 - 3*v - 4. Let z be d(-7). Let b = 35 + z. Suppose -b*i - 418 + 1375 = 0. Is i prime?
False
Let i = -36380 + 74731. Is i composite?
False
Let r(f) = 2*f - 1403*f**2 + f**3 + 1399*f**2 + 2 + 0*f. Is r(7) prime?
True
Let y(w) = -w**3 - 4*w**2 + 10*w - 2. Let j be y(-6). Let u(q) = -q**2 + 11*q - 7. Let d be u(j). Suppose -5*g = 4*k - 35, 11 = -d*g + 5*k - k. Is g prime?
True
Let p = 728 - 481. Suppose -8*q = 19 + 189. Let h = p + q. Is h a prime number?
False
Let r = -16 - -19. Is (101 - 7) + r*1 a prime number?
True
Suppose 0 = 299*d - 316*d + 53329. Is d a prime number?
True
Let o(u) = u + 5. Let f be o(-3). Let s(y) = -1 - 2 - 12*y + f. Is s(-8) prime?
False
Suppose -6 = 2*q + 3*n, -5*q - 5*n - 6 = 4. Suppose q = -2*d - 5*s - 752, d - 5*d - 2*s - 1488 = 0. Let x = -244 - d. Is x a composite number?
False
Suppose -5*a = -9 - 6. Let m(d) = -302*d - 12. Let c be m(-3). Suppose -5*o - 173 = -l, 3*l = a*o + c - 363. Is l prime?
False
Let y(r) = -2*r**3 + 54*r**2 + 4*r + 5. Is y(25) a composite number?
True
Let l(a) be the first derivative of -a**2 + 3*a - 1. Let h be l(-3). Suppose 11*x - 282 = h*x. Is x prime?
False
Suppose -22*k + 28811 = -31931. Is k a prime number?
False
Suppose 25*x = 27*x - 3*i - 5194, 0 = 2*x - 5*i - 5202. Is x a prime number?
True
Let q(c) be the first derivative of -3*c**4/2 - c**3/3 + c**2/2 + c + 5. Let b be q(-1). Suppose 4 = 2*k - 2, b*w - 5*k = 3710. Is w prime?
False
Suppose -2*r - f + 25 = 0, 5*r - 44 = 2*r + 5*f. Suppose 0 = 2*u + r - 9. Is u + (4 - -209)*1 composite?
False
Suppose -u - 2585 = 4575. Let k = 2367 - u. Is k a composite number?
True
Let f(t) = 2*t**2 + 2*t + 10. Let h be f(17). Let p = 1233 - h. Is p composite?
True
Let b be 1 + (2 - 0 - -486). Let r = b - 280. Is r a prime number?
False
Let m(n) = 1615*n**2 - 2*n + 5. Is m(-2) a composite number?
False
Let t be ((-1)/(-3))/(16/144). Suppose -5*z = 5*j - 1935, -2*j = -t*z - 2*z + 1900. Is z composite?
True
Suppose 0 = -0*g - 4*g + 12560. Let u = -1413 + g. Is u a prime number?
False
Let z(f) = 745*f**3 + 3*f - 2. Let o be z(1). Let k = o + -417. Is k a composite number?
True
Let r(n) = 2 - 5*n - 215*n - 193*n + 1. Is r(-2) a composite number?
False
Let u be 1670*((-32)/(-20))/4. Is (15/40*4)/(2/u) prime?
False
Suppose 162773 = -26*g + 39*g. Is g a prime number?
False
Let q = 36 + -24. Suppose 5*u + 268 - 20 = 4*h, q = 3*u. Is h a composite number?
False
Let m = -433 - -1023. Let p = m + -297. Is p prime?
True
Let h(q) = -q**3 + q + 517. Let z(o) = o**3 + 8*o**2 + 8*o + 8. Let y be z(-7). Let u = y + -1. Is h(u) composite?
True
Suppose 23 = 3*h + 8. Let u(b) = 12*b**2 - 14*b - 7. Is u(h) prime?
True
Let s = 1445 - 957. Let m = s + 17. Is m a prime number?
False
Suppose 5*y + 10 = 0, -y = x - 5*y - 23. Suppose -17*k + 446 = -x*k. Is k a composite number?
False
Suppose -3*t + 4*v + 1808 = -t, -t + 4*v + 894 = 0. Let o = 1387 - t. Is o prime?
False
Suppose 0 = -21*x - 26*x + 473619. Is x prime?
False
Let y(f) = 227*f - 41. Is y(2) prime?
False
Suppose 4*i + 320 = 6484. Is i composite?
True
Is (1/(-3))/((-3 - 1)/88812) a prime number?
False
Let h = -4044 - -6358. Suppose -24*m - h = -26*m. Is m composite?
True
Let u(a) = 184*a + 1. Let z be u(-3). Suppose 10*b - 8700 = -0*b. Let g = b + z. Is g a composite number?
Tru